[BLOB]\" style=\"width: 773px;\" data-filename=\"3.png\"><span style=\"white-space-collapse: preserve;\"><br></span><span style=\"white-space-collapse: preserve;\"><br></span><span style=\"white-space-collapse: preserve;\"><br></span></h6><h4><span style=\"white-space-collapse: preserve;\"><b>Extreme stimulation.</b></span></h4><h6><span data-buffer=\"<!--(figma)[BLOB](/figma)-->\"></span></h6><h6><span style=\"white-space-collapse: preserve;\"><br></span></h6><h6><span data-buffer=\"<!--(figma)[BLOB](/figma)-->\"></span><span style=\"white-space-collapse: preserve;\">Remember when “less is more” was the golden rule? Well, toss that out the window.<br>Web designers in 2023 are giving you digital maximalism — it’s like a visual explosion on your screen.<br>We’re talking backgrounds that dance, text that leaps off the page, and colors that paint a rainbow of excitement.<br>It’s a rebellion against the idea of a clean, sterile web.<br>Sure, it’s a little harder to navigate, but who cares? It’s an adventure worth taking.<br>The digital world is getting a makeover, and it’s about time.</span></h6><h6><span style=\"white-space-collapse: preserve;\"><br></span></h6><h4><span style=\"white-space-collapse: preserve;\"><b>Typographic Designs: Less is More.</b></span></h4><h6><span data-buffer=\"<!--(figma)[BLOB](/figma)-->\"></span></h6><h6><span style=\"white-space-collapse: preserve;\"><br></span></h6><h6><span data-buffer=\"<!--(figma)[BLOB](/figma)-->\"></span><span style=\"white-space-collapse: preserve;\">In a world filled with multimedia, some designers are going old-school.<br>They’re ditching the flashy visuals for a retro print magazine look.<br>It’s like going back to basics, and it works.<br>These layouts show that words alone can be as powerful as a thousand pictures.</span><span style=\"white-space-collapse: preserve;\"><br></span><span style=\"white-space-collapse: preserve;\"><br></span><span style=\"white-space-collapse: preserve;\"><br></span><span style=\"white-space-collapse: preserve;\"><br></span></h6><br></h4><p>\r\n</p>', 'stimulation, metaverse, animation', '6 Minutes of reading', 'game changing, web design, trend, 2024', 'game changing web design trends for an upcoming 2024', 'game-changing-web-design-trends', '2023-10-12 08:56:56', '2023-10-14 10:35:23');

-- --------------------------------------------------------

--
-- Table structure for table `careers`
--

CREATE TABLE `careers` (
  `id` bigint(20) UNSIGNED NOT NULL,
  `title` varchar(255) NOT NULL,
  `type` varchar(255) NOT NULL,
  `link` varchar(255) NOT NULL,
  `created_at` timestamp NULL DEFAULT NULL,
  `updated_at` timestamp NULL DEFAULT NULL
) ENGINE=InnoDB DEFAULT CHARSET=utf8mb4 COLLATE=utf8mb4_unicode_ci;

--
-- Dumping data for table `careers`
--

INSERT INTO `careers` (`id`, `title`, `type`, `link`, `created_at`, `updated_at`) VALUES
(6, 'Senior Data Scientist', 'On Site - Full time', 'https://www.youtube.com/watch?v=dQw4w9WgXcQ', '2023-08-23 12:02:44', '2023-08-23 12:02:44'),
(7, 'Cybersecurity Analyst - Freelance', 'Remote - Full time', 'https://www.youtube.com/watch?v=dQw4w9WgXcQ', '2023-08-23 12:04:18', '2023-08-23 12:04:18'),
(8, 'Business Development Manager', 'On Site - Full time', 'https://www.youtube.com/watch?v=dQw4w9WgXcQ', '2023-08-23 12:04:53', '2023-08-23 12:04:53'),
(9, 'Software Engineer - Freelance', 'Remote - Part-time', 'https://www.youtube.com/watch?v=dQw4w9WgXcQ', '2023-08-23 12:05:15', '2023-08-23 12:05:15');

-- --------------------------------------------------------

--
-- Table structure for table `clients`
--

CREATE TABLE `clients` (
  `id` bigint(20) UNSIGNED NOT NULL,
  `img` varchar(255) NOT NULL,
  `created_at` timestamp NULL DEFAULT NULL,
  `updated_at` timestamp NULL DEFAULT NULL
) ENGINE=InnoDB DEFAULT CHARSET=utf8mb4 COLLATE=utf8mb4_unicode_ci;

--
-- Dumping data for table `clients`
--

INSERT INTO `clients` (`id`, `img`, `created_at`, `updated_at`) VALUES
(13, '1692791016_Frame 1000004429.png', '2023-08-23 11:43:36', '2023-08-23 11:43:36'),
(14, '1692791024_Frame 1000004433.png', '2023-08-23 11:43:44', '2023-08-23 11:43:44'),
(15, '1692791031_Frame 1000004430.png', '2023-08-23 11:43:51', '2023-08-23 11:43:51'),
(16, '1692791037_Frame 1000004437.png', '2023-08-23 11:43:57', '2023-08-23 11:43:57'),
(17, '1692791045_Frame 1000004436.png', '2023-08-23 11:44:05', '2023-08-23 11:44:05'),
(18, '1692791050_Frame 1000004435.png', '2023-08-23 11:44:10', '2023-08-23 11:44:10'),
(19, '1692791058_Frame 1000004427.png', '2023-08-23 11:44:18', '2023-08-23 11:44:18'),
(20, '1692791064_Frame 1000004428.png', '2023-08-23 11:44:24', '2023-08-23 11:44:24'),
(21, '1692791072_Frame 1000004434.png', '2023-08-23 11:44:32', '2023-08-23 11:44:32'),
(22, '1692791077_Frame 1000004431.png', '2023-08-23 11:44:37', '2023-08-23 11:44:37');

-- --------------------------------------------------------

--
-- Table structure for table `contact_client_data`
--

CREATE TABLE `contact_client_data` (
  `id` bigint(20) UNSIGNED NOT NULL,
  `first_name` varchar(255) NOT NULL,
  `last_name` varchar(255) NOT NULL,
  `organization` varchar(255) NOT NULL,
  `email` varchar(255) NOT NULL,
  `project_goal` text NOT NULL,
  `timeline` varchar(255) NOT NULL,
  `created_at` timestamp NULL DEFAULT NULL,
  `updated_at` timestamp NULL DEFAULT NULL,
  `budget` varchar(255) DEFAULT NULL
) ENGINE=InnoDB DEFAULT CHARSET=utf8mb4 COLLATE=utf8mb4_unicode_ci;

--
-- Dumping data for table `contact_client_data`
--

INSERT INTO `contact_client_data` (`id`, `first_name`, `last_name`, `organization`, `email`, `project_goal`, `timeline`, `created_at`, `updated_at`, `budget`) VALUES
(11, 'john', 'smith', 'google', 'example@example.com', 'my goal', '20.20.23', '2023-09-26 12:39:08', '2023-09-26 12:39:08', '20k'),
(12, 'jacob', 'junior', 'facebook', 'example@example.com', 'my goal', '20.20.23', '2023-09-26 12:43:50', '2023-09-26 12:43:50', '20k'),
(13, 'abdul', 'motin', 'meta', 'example@le.com', 'my goal', '20.20.23', '2023-09-26 13:12:00', '2023-09-26 13:12:00', '20k'),
(14, 'mama', 'mami', 'mamamami organization', 'mama@mami.com', 'asdfasdf', '10/12/2023', '2023-09-26 13:13:59', '2023-09-26 13:13:59', '10k'),
(15, 'asdf', 'asdf', 'asdf', 'faul@gmail.com', 'goa goal', '12/12/2023', '2023-09-26 13:17:56', '2023-09-26 13:17:56', '$10K - $30K');

-- --------------------------------------------------------

--
-- Table structure for table `contact_us`
--

CREATE TABLE `contact_us` (
  `id` bigint(20) UNSIGNED NOT NULL,
  `menu_name` varchar(255) NOT NULL,
  `title` mediumtext DEFAULT NULL,
  `sub_title` mediumtext DEFAULT NULL,
  `goals` varchar(255) DEFAULT NULL,
  `email` varchar(255) DEFAULT NULL,
  `phone` varchar(255) DEFAULT NULL,
  `address` varchar(255) DEFAULT NULL,
  `created_at` timestamp NULL DEFAULT NULL,
  `updated_at` timestamp NULL DEFAULT NULL
) ENGINE=InnoDB DEFAULT CHARSET=utf8mb4 COLLATE=utf8mb4_unicode_ci;

--
-- Dumping data for table `contact_us`
--

INSERT INTO `contact_us` (`id`, `menu_name`, `title`, `sub_title`, `goals`, `email`, `phone`, `address`, `created_at`, `updated_at`) VALUES
(1, 'Let’s collaborate', 'Let’s start a project together.', '“We help companies comb through big data sets and realise otherwise hidden trends”', 'Tell us about your project and goals.', 'evensor@gmail.com', '(231) 484-6504', '5488 Fay Corners Apt. 942Abbottshire, KS 70467', '2023-08-23 07:03:23', '2023-10-12 11:35:06');

-- --------------------------------------------------------

--
-- Table structure for table `contact_us_questions`
--

CREATE TABLE `contact_us_questions` (
  `id` bigint(20) UNSIGNED NOT NULL,
  `question` mediumtext NOT NULL,
  `answer` mediumtext NOT NULL,
  `created_at` timestamp NULL DEFAULT NULL,
  `updated_at` timestamp NULL DEFAULT NULL
) ENGINE=InnoDB DEFAULT CHARSET=utf8mb4 COLLATE=utf8mb4_unicode_ci;

--
-- Dumping data for table `contact_us_questions`
--

INSERT INTO `contact_us_questions` (`id`, `question`, `answer`, `created_at`, `updated_at`) VALUES
(1, 'What is your first name?', 'Smith', '2023-08-23 07:03:23', '2023-08-23 07:03:23'),
(2, 'What’s your last name?', 'Smith', '2023-08-23 07:03:23', '2023-08-23 07:03:23'),
(3, 'What’s the name of your organization?', 'Something', '2023-08-23 07:03:23', '2023-08-23 07:03:23'),
(4, 'Tell us about your project goals.', 'Tell It is a long established fact that a reader will be distracted by the readable content of a page when looking at its layout. The point of using Lorem Ipsum is that it has English. Tell It is a long established fact that a reader will be distracted by the readable content of a page when looking at its layout.', '2023-08-23 07:03:23', '2023-08-23 07:03:23'),
(5, 'Do you have a timeline in mind?', 'Something', '2023-08-23 07:03:23', '2023-08-23 07:03:23'),
(6, 'What’s your first name?', 'Something', '2023-08-23 07:03:23', '2023-08-23 07:03:23');

-- --------------------------------------------------------

--
-- Table structure for table `failed_jobs`
--

CREATE TABLE `failed_jobs` (
  `id` bigint(20) UNSIGNED NOT NULL,
  `uuid` varchar(255) NOT NULL,
  `connection` text NOT NULL,
  `queue` text NOT NULL,
  `payload` longtext NOT NULL,
  `exception` longtext NOT NULL,
  `failed_at` timestamp NOT NULL DEFAULT current_timestamp()
) ENGINE=InnoDB DEFAULT CHARSET=utf8mb4 COLLATE=utf8mb4_unicode_ci;

-- --------------------------------------------------------

--
-- Table structure for table `faqs`
--

CREATE TABLE `faqs` (
  `id` bigint(20) UNSIGNED NOT NULL,
  `question` mediumtext NOT NULL,
  `answer` mediumtext NOT NULL,
  `created_at` timestamp NULL DEFAULT NULL,
  `updated_at` timestamp NULL DEFAULT NULL
) ENGINE=InnoDB DEFAULT CHARSET=utf8mb4 COLLATE=utf8mb4_unicode_ci;

--
-- Dumping data for table `faqs`
--

INSERT INTO `faqs` (`id`, `question`, `answer`, `created_at`, `updated_at`) VALUES
(4, 'How can your software benefit my business?', 'Our software can enhance efficiency, streamline operations, reduce costs, and improve productivity. It\'s tailored to address specific needs in your industry.', '2023-08-23 07:03:23', '2023-10-12 11:31:26'),
(7, 'Is your software customizable to our specific requirements?', 'Yes, our software solutions are highly customizable to meet your unique business needs.', '2023-10-12 11:31:52', '2023-10-12 11:31:52'),
(8, 'What is the pricing model for your software?', 'Pricing varies depending on factors such as the scope of the project and additional services. Please contact us for a personalized quote.', '2023-10-12 11:32:10', '2023-10-12 11:32:10'),
(9, 'Do you offer technical support and updates?', 'Yes, we provide ongoing technical support, updates, and maintenance to ensure your software continues to perform optimally.', '2023-10-12 11:32:25', '2023-10-12 11:32:25'),
(10, 'What is the deployment process like?', 'We work closely with you to plan, design, develop, and deploy the software. The process is collaborative and transparent, ensuring your involvement at every stage.', '2023-10-12 11:32:48', '2023-10-12 11:32:48'),
(11, 'How long does it take to implement your software?', 'Implementation timelines vary depending on project complexity. We provide estimated timelines during the project planning phase.', '2023-10-12 11:33:05', '2023-10-12 11:33:05'),
(12, 'What security measures are in place to protect our data?', 'We employ industry-standard security practices to safeguard your data and protect against potential vulnerabilities.', '2023-10-12 11:33:42', '2023-10-12 11:33:42'),
(13, 'What sets your software company apart from the competition?', 'Our commitment to innovation, customer-centricity, and our team of experienced professionals set us apart in the software industry.', '2023-10-12 11:34:10', '2023-10-12 11:34:10'),
(14, 'How can I get in touch with your team to discuss my project?', 'You can reach out to us through our website, phone, or email. Our team is always ready to assist you with your software needs.', '2023-10-12 11:34:28', '2023-10-12 11:34:28');

-- --------------------------------------------------------

--
-- Table structure for table `homepages`
--

CREATE TABLE `homepages` (
  `id` bigint(20) UNSIGNED NOT NULL,
  `hero_title_small` mediumtext DEFAULT NULL,
  `hero_title_big` varchar(255) NOT NULL,
  `hero_description` mediumtext DEFAULT NULL,
  `img` varchar(255) DEFAULT NULL,
  `lets_talk` varchar(255) DEFAULT NULL,
  `about_menu` varchar(255) DEFAULT NULL,
  `about_title` mediumtext DEFAULT NULL,
  `about_btn_txt` varchar(255) DEFAULT NULL,
  `work_title` varchar(255) DEFAULT NULL,
  `work_subtitle` mediumtext DEFAULT NULL,
  `our_services` varchar(255) DEFAULT NULL,
  `testimonials` varchar(255) DEFAULT NULL,
  `featured_clients` varchar(255) DEFAULT NULL,
  `philosophy_title` varchar(255) NOT NULL,
  `philosophy_details` mediumtext NOT NULL,
  `contactus_title` varchar(255) DEFAULT NULL,
  `contact_btn_txt` varchar(255) DEFAULT NULL,
  `created_at` timestamp NULL DEFAULT NULL,
  `updated_at` timestamp NULL DEFAULT NULL
) ENGINE=InnoDB DEFAULT CHARSET=utf8mb4 COLLATE=utf8mb4_unicode_ci;

--
-- Dumping data for table `homepages`
--

INSERT INTO `homepages` (`id`, `hero_title_small`, `hero_title_big`, `hero_description`, `img`, `lets_talk`, `about_menu`, `about_title`, `about_btn_txt`, `work_title`, `work_subtitle`, `our_services`, `testimonials`, `featured_clients`, `philosophy_title`, `philosophy_details`, `contactus_title`, `contact_btn_txt`, `created_at`, `updated_at`) VALUES
(1, 'Express your idea   &', 'We will make it happen.', 'D-bugstation is a software design & development company located in Dhaka Bangladesh, we do pro-vide technical & engineering sol-utions for helping local & intern-ational companies & agencies. We are providing development support since 2014.', '1697012621_1.png', 'Lets Talk', 'About Us', 'We believe in your success and that big data can help you achieve the best results for your business.', 'About Us', 'Coolest Projects', 'Aliquid possimus velit quasi voluptatem. Sed cupiditate dolorem provident ad distinctio rerum tempora. Et nihil magni aliquid et. Eum earum aliquam cumque soluta minima vel qui consectetur.', 'Our Services', 'Testimonials', 'Featured Clients', 'Philosophy', 'At D-Bug Station Limited, we believe in developing innovative software solutions that positively impact our customers and the world. Our philosophy is centered around three core values: innovation, integrity, and impact.  Our philosophy guides everything we do, from the software solutions we create to the way we interact with our customers and the world around us. We are proud to be a company that is making a difference, and we are committed to continuing to innovate, act with integrity, and make a positive impact.', 'Let’s build something togather', 'Contact Us', '2023-08-23 07:03:22', '2023-10-11 08:27:17');

-- --------------------------------------------------------

--
-- Table structure for table `joun_us`
--

CREATE TABLE `joun_us` (
  `id` bigint(20) UNSIGNED NOT NULL,
  `title` text NOT NULL,
  `short_description` text NOT NULL,
  `joinus_about_title` text NOT NULL,
  `joinus_about_description` longtext NOT NULL,
  `joinus_about_imgs` text NOT NULL,
  `career_title` text NOT NULL,
  `career_description` text NOT NULL,
  `created_at` timestamp NULL DEFAULT NULL,
  `updated_at` timestamp NULL DEFAULT NULL
) ENGINE=InnoDB DEFAULT CHARSET=utf8mb4 COLLATE=utf8mb4_unicode_ci;

--
-- Dumping data for table `joun_us`
--

INSERT INTO `joun_us` (`id`, `title`, `short_description`, `joinus_about_title`, `joinus_about_description`, `joinus_about_imgs`, `career_title`, `career_description`, `created_at`, `updated_at`) VALUES
(1, 'Careers', 'At our company, career opportunities are not just jobs; they are pathways to growth and personal development. We are committed to fostering a dynamic and inclusive work environment where employees can thrive. As part of our team, you\'ll have access to ongoing training, mentorship, and opportunities to expand your skills and expertise. We believe in recognizing and rewarding exceptional talent, offering competitive compensation packages and advancement prospects. Your career with us will be defined by continuous learning, innovation, and the chance to contribute to impactful projects. Join us and embark on a journey of professional fulfillment and advancement.', 'Our company culture is the heartbeat of our organization, rooted in collaboration, innovation, and inclusivity.', 'We foster an environment where every voice is heard, and diverse perspectives are celebrated. Open communication channels are integral to our culture, allowing for free-flowing ideas and feedback. We encourage our team members to take ownership of their work, promoting autonomy and creativity. Our commitment to continuous learning and professional growth ensures that every employee has the opportunity to reach their full potential. Whether it\'s through team-building activities, volunteer initiatives, or a supportive work-life balance, we prioritize the well-being and development of our employees. At our company, we are not just colleagues; we are a family, united by a shared vision and a vibrant culture that empowers us to thrive.', '1697110042_1.png,1697110042_2.png,1697110042_3.png', 'WE\'RE HIRING AND CAN\'T WAIT TO MEET YOU!', '“We help companies comb through big data sets and realise otherwise hidden trends, opportunities and threats to their business “We help companies comb through big data sets and realise otherwise hidden trends, opportunities and threats to their business..”', '2023-08-23 07:03:23', '2023-10-12 12:42:55');

-- --------------------------------------------------------

--
-- Table structure for table `migrations`
--

CREATE TABLE `migrations` (
  `id` int(10) UNSIGNED NOT NULL,
  `migration` varchar(255) NOT NULL,
  `batch` int(11) NOT NULL
) ENGINE=InnoDB DEFAULT CHARSET=utf8mb4 COLLATE=utf8mb4_unicode_ci;

--
-- Dumping data for table `migrations`
--

INSERT INTO `migrations` (`id`, `migration`, `batch`) VALUES
(1, '2014_10_12_000000_create_users_table', 1),
(2, '2014_10_12_100000_create_password_reset_tokens_table', 1),
(3, '2019_08_19_000000_create_failed_jobs_table', 1),
(4, '2019_12_14_000001_create_personal_access_tokens_table', 1),
(5, '2023_05_30_063951_create_homepages_table', 1),
(6, '2023_06_04_005357_create_overviews_table', 1),
(7, '2023_06_05_005016_create_works_table', 1),
(8, '2023_06_05_195056_create_services_table', 1),
(9, '2023_06_12_233624_create_services_imgs_table', 1),
(10, '2023_06_14_011331_create_testimonials_table', 1),
(11, '2023_06_14_040415_create_our_teams_table', 1),
(12, '2023_06_14_093159_create_contact_us_table', 1),
(13, '2023_06_14_114650_create_contact_us_questions_table', 1),
(14, '2023_06_14_204619_create_faqs_table', 1),
(15, '2023_06_14_212949_create_about_us_table', 1),
(16, '2023_06_16_201221_create_about_us_imgs_table', 1),
(17, '2023_06_17_005933_create_socials_table', 1),
(18, '2023_06_19_195104_create_benefits_table', 1),
(19, '2023_06_20_094539_create_careers_table', 1),
(20, '2023_07_08_103035_create_clients_table', 1),
(21, '2023_07_21_091121_create_our_approaches_table', 1),
(22, '2023_08_13_063428_create_terms_and_conditions_table', 1),
(23, '2023_08_13_071509_create_privacy_policies_table', 1),
(24, '2023_08_13_073628_create_blogs_table', 1),
(25, '2023_08_13_095459_create_joun_us_table', 1),
(26, '2023_08_13_110837_create_contact_client_data_table', 1),
(27, '2023_09_25_093410_create_products_table', 2),
(28, '2023_09_25_103548_create_product_features_table', 3),
(29, '2023_11_08_044754_add_thumb_to_products', 4);

-- --------------------------------------------------------

--
-- Table structure for table `our_approaches`
--

CREATE TABLE `our_approaches` (
  `id` bigint(20) UNSIGNED NOT NULL,
  `title` mediumtext DEFAULT NULL,
  `sub_title` text DEFAULT NULL,
  `discovery_title` text DEFAULT NULL,
  `discovery_tags` text DEFAULT NULL,
  `discovery_img` varchar(255) DEFAULT NULL,
  `staffing_title` text DEFAULT NULL,
  `staffing_tags` text DEFAULT NULL,
  `staffing_img` varchar(255) DEFAULT NULL,
  `kickoff_title` text DEFAULT NULL,
  `kickoff_tags` text DEFAULT NULL,
  `kickoff_img` varchar(255) DEFAULT NULL,
  `rampup_title` text DEFAULT NULL,
  `rampup_tags` text DEFAULT NULL,
  `rampup_img` varchar(255) DEFAULT NULL,
  `created_at` timestamp NULL DEFAULT NULL,
  `updated_at` timestamp NULL DEFAULT NULL
) ENGINE=InnoDB DEFAULT CHARSET=utf8mb4 COLLATE=utf8mb4_unicode_ci;

--
-- Dumping data for table `our_approaches`
--

INSERT INTO `our_approaches` (`id`, `title`, `sub_title`, `discovery_title`, `discovery_tags`, `discovery_img`, `staffing_title`, `staffing_tags`, `staffing_img`, `kickoff_title`, `kickoff_tags`, `kickoff_img`, `rampup_title`, `rampup_tags`, `rampup_img`, `created_at`, `updated_at`) VALUES
(1, 'Method', 'At our software company, we are driven by a commitment to excellence and innovation in all that we do. Our work begins with a deep understanding of our clients\' needs and objectives. We believe in collaborative partnerships, working closely with our clients to develop tailored solutions that address their unique challenges. Our talented team of software developers, engineers, and designers employs cutting-edge technologies and agile methodologies to create robust and user-friendly software products. Quality assurance is at the core of our process, ensuring that our software is reliable and meets the highest standards. We pride ourselves on our dedication to continuous improvement, staying ahead of industry trends, and providing ongoing support to our clients to ensure their long-term success.', 'As a forward-thinking company, our approach to research is both systematic and innovative. We place a strong emphasis on staying at the forefront of our industry through continuous exploration and learning. Our research endeavors begin by identifying market trends, emerging technologies, and customer preferences. We conduct thorough market analysis, competitive assessments, and user feedback collection to inform our decisions. Collaboration is a cornerstone of our research process, with multidisciplinary teams working together to brainstorm, experiment, and develop creative solutions. We are committed to rigorous testing and validation, ensuring that our products and services meet the expectations of our clients. Our company fosters a culture of curiosity and embraces failure as a stepping stone to success, allowing us to push the boundaries of what\'s possible in our field and maintain our position as industry leaders.', 'competitive assessments, market trends, brainstorm', '1697114977_1.png', 'Our approach to creating prototypes based on research is a systematic and user-centric process. We commence by conducting comprehensive research, which includes user interviews, surveys, market analysis, and competitor assessments. This research phase provides us with valuable insights into user needs, pain points, and market trends. Armed with this knowledge, we meticulously design prototypes that mirror the envisioned product\'s core features and functionalities. These prototypes serve as working models that allow us to validate our assumptions and gather user feedback early in the development cycle. We employ an iterative approach, refining the prototypes based on the insights gleaned from user testing and feedback.   By aligning our prototypes closely with research findings, we ensure that our final product not only meets but exceeds user expectations, resulting in a solution that is both user-friendly and market-ready. Our commitment to research-driven prototyping is integral to our mission of delivering innovative and user-centric solutions.', 'UI/UX,Web Development,Design Services', '1692791542_b1.jpg,1692791542_b2.jpg', 'Designing prototype is a strategic approach that fosters efficiency, creativity, and user-centricity in our development process. After carefully crafting a prototype, we enter the design phase with a clear understanding of the product\'s core functionalities and user interactions. This enables our design team to focus on refining the user interface (UI) and user experience (UX) aspects of the product. By working from a prototype, we can rapidly iterate and fine-tune design elements while ensuring they align with real-world user expectations. This approach not only streamlines the design process but also minimizes the risk of costly design changes later in development. Our commitment to designing based on prototypes ensures that the final product is not only visually appealing but also functionally robust and deeply attuned to user needs, resulting in a seamless and engaging user experience.', 'efficiency, user expectations, creativity', '1697264038_1.jpeg', 'Developing in accordance with design is a pivotal aspect of our development process that underscores precision and alignment with our vision for the final product. Our development team closely collaborates with the design team to translate design concepts and specifications into functional code. This collaborative approach ensures that the user interface (UI) and user experience (UX) elements are faithfully implemented while adhering to design guidelines and principles. Regular feedback loops and iterative cycles are integral to our process, allowing for seamless communication between designers and developers.   By following this methodology, we not only create visually appealing and user-friendly applications but also maintain consistency, efficiency, and a high degree of accuracy throughout the development lifecycle. Our commitment to developing in accordance with design ensures that the end product not only meets design expectations but also delivers a robust and delightful user experience.', 'precision, collaborative, commitment', '1697264048_2.png,1697264048_3.png', '2023-08-23 07:03:23', '2023-10-14 06:14:08');

-- --------------------------------------------------------

--
-- Table structure for table `our_teams`
--

CREATE TABLE `our_teams` (
  `id` bigint(20) UNSIGNED NOT NULL,
  `name` varchar(255) NOT NULL,
  `designation` varchar(255) NOT NULL,
  `img` varchar(255) NOT NULL,
  `created_at` timestamp NULL DEFAULT NULL,
  `updated_at` timestamp NULL DEFAULT NULL
) ENGINE=InnoDB DEFAULT CHARSET=utf8mb4 COLLATE=utf8mb4_unicode_ci;

--
-- Dumping data for table `our_teams`
--

INSERT INTO `our_teams` (`id`, `name`, `designation`, `img`, `created_at`, `updated_at`) VALUES
(13, 'Istiak Ahmed Saif', 'Junior software engineer', '1697009366_4.jpg', '2023-08-23 11:19:01', '2023-10-11 07:29:26'),
(15, 'Tanvir Ahmad', 'Junior software engineer', '1697105681_1.png', '2023-08-23 11:19:59', '2023-10-12 10:14:41'),
(16, 'Rafiul Islam', 'Senior software engineer, COO', '1697009255_2.png', '2023-08-23 11:20:26', '2023-10-11 07:27:35'),
(17, 'Oli Ahmed', 'Founder, MD', '1697009193_1.png', '2023-08-23 11:20:50', '2023-10-11 07:26:33'),
(19, 'Prodip Pal', 'Senior engineer, Tech Lead', '1697009311_3.png', '2023-08-23 11:21:42', '2023-10-11 07:28:31'),
(20, 'Mredul Kanti Mondal', 'UI/UX Designer , CTO', '1697009404_5.png', '2023-08-23 11:22:01', '2023-10-11 07:30:04');

-- --------------------------------------------------------

--
-- Table structure for table `overviews`
--

CREATE TABLE `overviews` (
  `id` bigint(20) UNSIGNED NOT NULL,
  `title` varchar(255) NOT NULL,
  `value` varchar(255) NOT NULL,
  `created_at` timestamp NULL DEFAULT NULL,
  `updated_at` timestamp NULL DEFAULT NULL
) ENGINE=InnoDB DEFAULT CHARSET=utf8mb4 COLLATE=utf8mb4_unicode_ci;

--
-- Dumping data for table `overviews`
--

INSERT INTO `overviews` (`id`, `title`, `value`, `created_at`, `updated_at`) VALUES
(1, 'Total raised by our clients', '10M+', '2023-08-23 07:03:22', '2023-10-12 10:50:44'),
(2, 'Years of experience', '12+', '2023-08-23 07:03:22', '2023-10-12 10:51:19'),
(3, 'Projects completed', '60+', '2023-08-23 07:03:22', '2023-10-12 10:51:00');

-- --------------------------------------------------------

--
-- Table structure for table `privacy_policies`
--

CREATE TABLE `privacy_policies` (
  `id` bigint(20) UNSIGNED NOT NULL,
  `title` text NOT NULL,
  `sub_title` text NOT NULL,
  `body` mediumtext NOT NULL,
  `created_at` timestamp NULL DEFAULT NULL,
  `updated_at` timestamp NULL DEFAULT NULL
) ENGINE=InnoDB DEFAULT CHARSET=utf8mb4 COLLATE=utf8mb4_unicode_ci;

--
-- Dumping data for table `privacy_policies`
--

INSERT INTO `privacy_policies` (`id`, `title`, `sub_title`, `body`, `created_at`, `updated_at`) VALUES
(1, 'Privacy Policy', '“We help companies comb through big data sets and realise otherwise hidden trends, opportunities and threats to their business.”', 'We, 10MS Limited, incorporated under the Bangladeshi Companies Act (Act XVIII), of 1994 (hereinafter referred to as “Company” or “10MS”), with the incorporation number C162578 / 2020, is committed to safeguarding your privacy in relation to the protection of your personal information. The Services are governed by this Policy, and any other rules, policies or guidelines published on the Platform as applicable to you.\n\n            Please read this Policy carefully prior to accessing our Platform and using the Services. By accessing and using the Platform, providing your Personal Information (defined below), or by otherwise signaling your agreement when the option is presented to you, you consent to the collection, use, disclosure, sharing and storing of information described in this Policy, Terms of Service and any other rules, policies or guidelines published on the Platform as applicable to you (collectively referred to as the “Platform Terms”), and 10MS disclaims all the liabilities arising therefrom. If you have inadvertently submitted any Personal Information to 10MS prior to reading this Policy statements set out herein, or you do not agree with the way your Personal Information is collected, stored, or used, then you may access, modify and/or delete your Personal Information in accordance with this Policy.\n\n            If any information you have provided or uploaded on the Platform violates the Platform Terms, 10MS may be required to delete such information upon informing you of the same and revoke your access to the Platform if required. If you have any questions about this Policy, please contact us ', '2023-08-23 07:03:23', '2023-08-23 07:03:23');

-- --------------------------------------------------------

--
-- Table structure for table `products`
--

CREATE TABLE `products` (
  `id` bigint(20) UNSIGNED NOT NULL,
  `title` mediumtext DEFAULT NULL,
  `cover_img` varchar(255) DEFAULT NULL,
  `app_type` varchar(255) DEFAULT NULL,
  `pro_language` varchar(255) DEFAULT NULL,
  `app_link` varchar(255) DEFAULT NULL,
  `buy_now` varchar(255) DEFAULT NULL,
  `description` text DEFAULT NULL,
  `display_images` varchar(255) DEFAULT NULL,
  `end_title` mediumtext DEFAULT NULL,
  `end_description` mediumtext DEFAULT NULL,
  `created_at` timestamp NULL DEFAULT NULL,
  `updated_at` timestamp NULL DEFAULT NULL,
  `thumb` varchar(255) DEFAULT NULL
) ENGINE=InnoDB DEFAULT CHARSET=utf8mb4 COLLATE=utf8mb4_unicode_ci;

--
-- Dumping data for table `products`
--

INSERT INTO `products` (`id`, `title`, `cover_img`, `app_type`, `pro_language`, `app_link`, `buy_now`, `description`, `display_images`, `end_title`, `end_description`, `created_at`, `updated_at`, `thumb`) VALUES
(23, 'IPTV Player- Flutter Streaming Player for Android, iOS & TV.', '1697118598_1.png', 'Mobile app', 'Flutter', 'https://codecanyon.net/item/iptv-player-flutter-streaming-player-for-android-ios-tv/47740153?s_rank=1', 'https://codecanyon.net/item/iptv-player-flutter-streaming-player-for-android-ios-tv/47740153?s_rank=1', 'IPTV Player is your go-to streaming companion, meticulously crafted using the Flutter framework to provide a seamless and captivating multimedia experience on Android, iOS, and TV devices. With its user-friendly interface, cross-platform compatibility, and advanced streaming capabilities, IPTV Player offers a gateway to a world of entertainment at your fingertips. Enjoy high-quality video and audio content, create personalized playlists, discover new shows effortlessly, and take advantage of features like integrated EPG and parental controls. Whether you\'re a movie buff, a sports enthusiast, or a TV series addict, IPTV Player brings the entertainment directly to you, setting a new standard in streaming convenience and enjoyment.', '1697118598_6.png,1697118598_8.png,1697118598_9.png', 'IPTV Player for Android & iOS  stands as a game-changer in the world of digital entertainment.', 'Its cross-platform compatibility, user-friendly interface, and robust streaming capabilities make it a top choice for individuals seeking an immersive and convenient way to access their favourite content. Whether you\'re tuning in from your smartphone or tablet this application promises to deliver a seamless and enjoyable viewing experience. With IPTV Player, the future of streaming is at your fingertips, enhancing the way we engage with multimedia content across multiple devices..', '2023-10-12 13:49:58', '2023-11-08 01:57:00', '1699430220_ip_tv.png'),
(24, 'Flutter Mini OTT | Live Tv, Movie,  Videos, Radios.', '1697119176_1.png', 'Mobile app', 'Flutter', 'https://codecanyon.net/item/flutter-mini-ott-live-tv-movie-videos-radios/45740508?s_rank=3', 'https://codecanyon.net/item/flutter-mini-ott-live-tv-movie-videos-radios/45740508?s_rank=3', 'Flutter Mini OTT is a versatile and all-encompassing entertainment app that redefines the way you experience digital content. This dynamic platform seamlessly integrates live TV, movies, videos, and radio, all within a user-friendly interface. Whether you\'re using it on Android, iOS, or a smart TV, Flutter Mini OTT offers a diverse array of entertainment options that cater to every taste and preference. From catching up on your favorite TV shows to exploring a vast  collection of movies and discovering trending videos, this app delivers an immersive and personalized viewing experience. Additionally, it brings the world of radio broadcasts to your fingertips, making it a one-stop destination for all your entertainment needs. Flutter Mini OTT is the ultimate companion for those seeking a comprehensive and engaging media experience, ensuring that there\'s something for everyone in its extensive library.', '1697119176_2.png,1697119176_3.png,1697119176_4.png', 'Flutter Mini OTT stands as a game-changer in the world of digital entertainment.', 'Whether it\'s real-time live streaming or on-demand playback, this app caters to the modern consumer\'s insatiable appetite for content, bolstering their entertainment choices. With features like offline viewing, user profiles, and social sharing, it encapsulates the essence of contemporary multimedia consumption, ensuring that users remain engaged and connected in the digital entertainment landscape.', '2023-10-12 13:59:36', '2023-11-08 01:55:26', '1699430126_flutter_miniott.png'),
(25, 'QR Code & Barcode Scanner & Generator Android | Admob, Fb, Startapp.', '1697119613_1.png', 'Mobile app', 'Flutter', 'https://codecanyon.net/item/qr-code-barcode-scanner-generator-android-admob-fb-startapp/31788147?s_rank=11', 'https://codecanyon.net/item/qr-code-barcode-scanner-generator-android-admob-fb-startapp/31788147?s_rank=11', 'The QR Code & Barcode Scanner & Generator Android app is a versatile and handy tool for modern smartphone users. With the capability to scan both QR codes and barcodes swiftly and accurately, it simplifies tasks ranging from product price checks to accessing website links or sharing contact information seamlessly. Beyond its scanning prowess, this app empowers users to generate their QR codes, allowing for personalized information sharing or business card creation. Its user-friendly interface and swift recognition make it an indispensable utility for everyday life, enhancing efficiency and convenience. Whether it\'s decoding intricate product barcodes in a retail store or creating custom QR codes for promotional purposes, this app is a practical and invaluable addition to any Android device, catering to a wide range of user needs.', '1697119613_2.png,1697119613_3.png,1697119613_4.png', 'The QR Code & Barcode Scanner & Generator Android app is a versatile and indispensable tool', 'that simplifies the way users interact with information in their daily lives. With its lightning-fast scanning capabilities, easy-to-use QR code and barcode generation features, and a user-friendly interface, it empowers users to effortlessly decode and encode data, making tasks more efficient and convenient. Whether you\'re scanning product barcodes, accessing website links, or creating custom QR codes for personal or business use, this app is designed to meet your needs and provide a seamless and intuitive experience. Embrace the power of technology in the palm of your hand and simplify your world with the QR Code & Barcode Scanner & Generator Android app.', '2023-10-12 14:06:53', '2023-11-08 01:55:01', '1699430101_qr_code.png'),
(26, 'Mini OTT | Live TV, Streaming, Movie,  Radio.', '1697269499_1.png', 'Mobile app', 'Kotlin', 'https://codecanyon.net/item/mini-ott-live-tv-streaming-movie-radio/42462970?s_rank=4', 'https://codecanyon.net/item/mini-ott-live-tv-streaming-movie-radio/42462970?s_rank=4', 'Mini OTT is the ultimate entertainment companion, offering a seamless blend of live TV, streaming, movies, and radio all in one app. With a rich selection of live channels, you can keep up with the latest news, sports events, and entertainment shows. The extensive library of on-demand content caters to every taste, from binge-worthy TV series to blockbuster movies. Mini OTT also elevates your audio experience with a wide array of radio  stations, making it easy to groove to your favorite tunes or stay informed with the latest broadcasts. This user-friendly app is designed to adapt to your preferences, ensuring a personalized entertainment journey, and you can even download content for offline viewing. With compatibility across multiple devices, Mini OTT truly brings entertainment to your fingertips, making it the go-to choice for those seeking a diverse, all-in-one entertainment solution.', '1697269499_5.png,1697269499_6.png,1697269499_7.png', 'Mini OTT is the ultimate entertainment app that combines the best of', 'live TV, streaming, movies, and radio in one convenient package. It empowers you to tailor your entertainment experience, providing a personalized journey through a vast world of multimedia content. With offline viewing and multi-device compatibility, Mini OTT ensures you\'re never far from your favorite shows and music, even on the go. Whether you\'re a news junkie, movie buff, or music aficionado, Mini OTT has something for everyone. Download the app today and embark on an endless adventure of entertainment and discovery, all at your fingertips.', '2023-10-14 07:44:59', '2023-11-08 01:54:39', '1699430079_mini ott.png'),
(27, 'Single Radio Station- Flutter  Full App.', '1697279341_1.png', 'Mobile app', 'Flutter', 'https://codecanyon.net/item/single-radio-station-flutter-full-app/47607083?s_rank=2', 'https://codecanyon.net/item/single-radio-station-flutter-full-app/47607083?s_rank=2', 'The Single Radio Station Flutter App is a well-crafted and user-friendly mobile application that caters to music enthusiasts and radio aficionados. Developed using the versatile Flutter framework, this app offers a seamless and immersive listening experience. Users can effortlessly tune in to their favorite radio station, relishing high-quality audio streaming and an intuitive user interface.  The app provides real-time song information, station descriptions, and a variety of genres and channels to explore. With its elegant design and easy navigation, the Single Radio Station Flutter App ensures that users can stay connected to their preferred radio station, making it a delightful choice for anyone seeking a straightforward and enjoyable mobile radio experience.', '1697279341_5.png,1697279341_6.png,1697279341_7.png', 'At the heart of the Single Radio Station Flutter App is a commitment to delivering the finest', 'radio experience to our users. With regular updates and improvements, we aim to keep pace with evolving technology and user expectations. Our mission is to continue enhancing the app\'s features, performance, and content to provide you with an unparalleled radio listening experience. We value your feedback and suggestions, so please keep sharing your thoughts to help us refine and customize the app to better suit your preferences. Thank you for choosing the Single Radio Station Flutter App as your go-to destination for music and radio, and we look forward to keeping you connected to your favorite tunes and stations for years to come.', '2023-10-14 10:29:01', '2023-11-08 01:46:41', '1699429601_single_radio.png'),
(29, 'Stream Play | Movies, Live Tv Streaming, Videos, Web Series, In-app purchase, OTT Platform.', '1697286851_1.png', 'Mobile app', 'Java', 'https://codecanyon.net/item/streamit-movies-live-tv-streaming-videos-web-series-inapp-purchase-ott-platform/33851332?s_rank=5', 'https://codecanyon.net/item/streamit-movies-live-tv-streaming-videos-web-series-inapp-purchase-ott-platform/33851332?s_rank=5', 'The world of entertainment has been revolutionized by the advent of OTT platform apps. These dynamic applications offer a treasure trove of cinematic experiences, from blockbuster movies to binge-worthy web series, all available at your fingertips. With seamless live TV streaming and an extensive library of videos, users can tailor their viewing preferences to their heart\'s content. In addition to the vast content catalog, these apps often provide in-app purchase options for ad-free viewing or premium content access, enhancing the user experience. Whether you\'re a film enthusiast, a TV buff, or a web series addict, OTT platform apps have truly redefined the way we consume and enjoy content, making entertainment more accessible and engaging than ever before.', '1697286851_5.png,1697286851_6.png,1697286851_7.png', 'So, in a world where entertainment has become a way of life,', 'OTT platform apps stand as the gateways to a universe of stories and spectacles. With their ever-evolving features and content, they continue to shape our digital leisure time, providing endless hours of excitement and escape. As we embark on this boundless journey through the realms of movies, live TV streaming, videos, web series, and the convenience of in-app purchases, one thing remains certain: these apps are here to stay, making our screens come alive with the magic of storytelling and the allure of on-demand entertainment.', '2023-10-14 12:34:11', '2023-11-08 01:45:07', '1699429507_stream_it_thumb2.png');

-- --------------------------------------------------------

--
-- Table structure for table `product_features`
--

CREATE TABLE `product_features` (
  `id` bigint(20) UNSIGNED NOT NULL,
  `product_id` bigint(20) UNSIGNED NOT NULL,
  `title` text NOT NULL,
  `description` mediumtext NOT NULL,
  `img` varchar(255) NOT NULL,
  `created_at` timestamp NULL DEFAULT NULL,
  `updated_at` timestamp NULL DEFAULT NULL
) ENGINE=InnoDB DEFAULT CHARSET=utf8mb4 COLLATE=utf8mb4_unicode_ci;

--
-- Dumping data for table `product_features`
--

INSERT INTO `product_features` (`id`, `product_id`, `title`, `description`, `img`, `created_at`, `updated_at`) VALUES
(26, 23, 'Cross-Platform Accessibility :', 'IPTV Player is designed to work seamlessly on Android, iOS, and TV platforms. This cross-platform compatibility ensures that users can access their favorite content on a wide range of devices, from smartphones and tablets to smart TVs. This feature allows for a flexible and versatile streaming experience, catering to various user preferences and devices.', '1697118634_10.png', '2023-10-12 13:50:34', '2023-10-12 13:50:34'),
(27, 23, 'Customizable Playlists:', 'One of the standout features of IPTV Player is its ability to create and manage customizable playlists. Users can curate their own lists of favorite channels, videos, and streams. This feature enables users to organize their content in a way that suits their viewing habits, making it easy to access and enjoy their preferred media with convenience.', '1697118675_11.png', '2023-10-12 13:51:15', '2023-10-12 13:51:15'),
(28, 23, 'Integrated EPG (Electronic Program Guide):', 'IPTV Player includes an integrated EPG, offering users real-time program schedules and information. This EPG feature enhances the user experience by providing insights into what\'s currently airing, upcoming shows, and detailed program descriptions. Users can set reminders for their favorite shows and events, ensuring they never miss out on what\'s happening in the world of entertainment.', '1697118701_12.png', '2023-10-12 13:51:41', '2023-10-12 13:51:41'),
(29, 24, 'Multi-Platform Compatibility :', 'Flutter Mini OTT apps are designed to work seamlessly across multiple platforms, including iOS, Android, and web. This cross-platform compatibility allows users to access their favorite content on a wide range of devices, from smartphones and tablets to desktop computers. By leveraging Flutter\'s single codebase, developers can save time and resources while ensuring a consistent user experience across different platforms.', '1697119229_6.png', '2023-10-12 14:00:29', '2023-10-12 14:00:29'),
(30, 24, 'User-Centric Features:', 'Flutter Mini OTT apps prioritize the user experience. They typically include features such as content discovery, search functionality, and personalized recommendations. Users can easily find the content they love through intuitive interfaces and discover new shows, movies, or channels tailored to their interests.', '1697119268_7.png', '2023-10-12 14:01:08', '2023-10-12 14:01:08'),
(31, 24, 'Live Streaming and On-Demand Playback:', 'Flutter Mini OTT apps should support both live streaming and on-demand playback of content. Live TV channels can be streamed in real-time, allowing users to watch their favorite shows and events as they happen. On-demand content, such as movies and videos, should be available for playback at any time. Advanced playback features like pause, rewind, and fast forward, as well as the ability to create playlists or save favorites, can improve the user experience and engagement.', '1697119388_9.png', '2023-10-12 14:03:08', '2023-10-12 14:03:08'),
(32, 25, 'Fast and Accurate Scanning:', 'Ensure the app provides a quick and reliable scanning experience. Users should be able to point their smartphone camera at a QR code or barcode, and the app should swiftly and accurately decode the information. Features like auto-focus, low-light performance, and support for various barcode types (e.g., UPC, EAN, QR, Data Matrix) contribute to an efficient scanning process.', '1697119649_6.png', '2023-10-12 14:07:29', '2023-10-12 14:07:29'),
(33, 25, 'QR Code and Barcode Generation:', 'Offer the capability to generate QR codes and barcodes within the app. Users should be able to input text, URLs, contact information, or other data types and convert them into scannable QR codes or barcodes. Customization options like color, size, and error correction levels can enhance the user\'s ability to create personalized codes for various purposes, including sharing information and marketing materials.', '1697119663_7.png', '2023-10-12 14:07:43', '2023-10-12 14:07:43'),
(34, 25, 'History and Organization:', 'Implement a feature that keeps a history of scanned QR codes and barcodes. Users should be able to review past scans, making it convenient for them to revisit websites, contact details, or product information they\'ve previously scanned. Additionally, offer organizational tools such as the ability to categorize or label scans, which helps users manage and find information efficiently within the app.', '1697119678_8.png', '2023-10-12 14:07:58', '2023-10-12 14:07:58'),
(35, 26, 'Live TV Streaming:', 'Mini OTT offers a diverse range of live TV channels, covering news, sports, entertainment, and more. Users can watch their favorite programs as they air, ensuring they stay up-to-date with current events and enjoy real-time entertainment.', '1697269525_2.png', '2023-10-14 07:45:25', '2023-10-14 07:45:25'),
(36, 26, 'Radio Stations:', 'Mini OTT features a wide selection of radio stations, catering to various musical genres and news updates. Users can listen to their favorite songs, stay informed with news broadcasts, or discover new music with ease.', '1697269543_3.png', '2023-10-14 07:45:43', '2023-10-14 07:45:43'),
(37, 26, 'Multi-Device Compatibility:', 'Mini OTT is accessible on a variety of devices, including smartphones and tablets. The app offers seamless synchronization across these devices, allowing you to start watching or listening on one and pick up right where you left off on another. This flexibility ensures that you can enjoy your preferred content on the device of your choice, at any time.', '1697269561_4.png', '2023-10-14 07:46:01', '2023-10-14 07:46:01'),
(38, 27, 'High-Quality Audio Streaming:', 'The app offers a smooth and high-quality audio streaming experience, ensuring that users can enjoy their chosen radio stations with clear sound and minimal interruptions.', '1697279365_2.png', '2023-10-14 10:29:25', '2023-10-14 10:29:25'),
(39, 27, 'Real-time Song Information:', 'Users can access real-time information about the songs being played, including artist names, track titles, and album details. This feature allows listeners to discover and keep track of their favorite music.', '1697279383_3.png', '2023-10-14 10:29:43', '2023-10-14 10:29:43'),
(40, 27, 'User-friendly Interface:', 'The app boasts an intuitive and visually appealing user interface, making navigation and station selection easy and enjoyable. Users can quickly find, select, and play their desired radio stations without any hassle.', '1697279399_4.png', '2023-10-14 10:29:59', '2023-10-14 10:29:59'),
(41, 29, 'Extensive Content Library:', 'OTT apps offer a vast and diverse catalog of content, including movies, TV shows, web series, documentaries, and more, catering to a wide range of tastes and preferences.', '1697286871_2.png', '2023-10-14 12:34:31', '2023-10-14 12:34:31'),
(42, 29, 'Original Content Production:', 'OTT apps are designed to be accessible across multiple devices, such as smartphones, tablets, smart TVs, and computers, allowing users to watch their favorite content wherever and whenever they choose.', '1697286884_3.png', '2023-10-14 12:34:44', '2023-10-14 12:34:44'),
(43, 29, 'Cross-Platform Sync:', 'OTT apps may allow users to choose the quality of content they download for offline viewing. This feature provides flexibility, enabling users to conserve storage space on their devices or enjoy higher-resolution content based on their preferences and available storage.', '1697286903_4.png', '2023-10-14 12:35:03', '2023-10-14 12:35:03');

-- --------------------------------------------------------

--
-- Table structure for table `services`
--

CREATE TABLE `services` (
  `id` bigint(20) UNSIGNED NOT NULL,
  `cover_img` varchar(255) DEFAULT NULL,
  `title` mediumtext NOT NULL,
  `body` longtext DEFAULT NULL,
  `tags` varchar(255) DEFAULT NULL,
  `img` varchar(255) DEFAULT NULL,
  `sub_title` mediumtext DEFAULT NULL,
  `description` longtext DEFAULT NULL,
  `btn_type` varchar(255) DEFAULT NULL,
  `created_at` timestamp NULL DEFAULT NULL,
  `updated_at` timestamp NULL DEFAULT NULL
) ENGINE=InnoDB DEFAULT CHARSET=utf8mb4 COLLATE=utf8mb4_unicode_ci;

--
-- Dumping data for table `services`
--

INSERT INTO `services` (`id`, `cover_img`, `title`, `body`, `tags`, `img`, `sub_title`, `description`, `btn_type`, `created_at`, `updated_at`) VALUES
(16, '1697003562_1.png', 'Consulting', 'Our company\'s consulting services in the software industry are geared toward helping businesses harness the full potential of technology to achieve their strategic goals. With a team of experienced software consultants, we offer specialized expertise in software development, digital transformation, and IT strategy. We start by closely examining our clients\' current software landscape, identifying areas for improvement and innovation. Whether it\'s optimizing existing software, developing custom solutions, or advising on technology adoption, we provide tailored recommendations that align with our clients\' business objectives. Our consultants stay at the forefront of industry trends and emerging technologies, ensuring that our clients are well-positioned to stay competitive in a rapidly evolving software landscape. We combine technical proficiency with business acumen to deliver software consulting services that drive efficiency, innovation, and a significant return on investment for our clients in the software industry.', 'optimization, strategic goals, technical proficiency', '1697003562_2.png,1697003562_3.png', 'Furthermore, our software industry consulting services extend beyond just technical expertise.', 'We understand that successful software initiatives require a holistic approach, encompassing project management, risk assessment, and user-centric design. Our consultants assist clients in project planning, resource allocation, and risk mitigation to ensure projects are delivered on time and within budget.\r\n\r\nWe also prioritize user experience (UX) and user interface (UI) design in our software consulting. We emphasize the importance of creating software solutions that not only function effectively but are also intuitive and engaging for end-users. This approach helps our clients deliver software that resonates with their target audience, enhancing customer satisfaction and adoption rates.\r\n\r\nOur consultants work collaboratively with clients to ensure a seamless integration of technology into their operations. We provide guidance on change management, training, and ongoing support to facilitate a smooth transition and maximize the benefits of software investments. Our holistic approach to software consulting is geared toward helping businesses thrive in the ever-evolving digital landscape.', 'Contact Us', '2023-10-11 05:52:42', '2023-10-11 05:52:42'),
(17, '1697003808_1.png', 'ui/ux design', 'Our company\'s UI/UX design services are driven by a dedication to creating visually stunning and user-friendly digital experiences. We understand that the success of any digital product hinges on its user interface (UI) and user experience (UX). Our team of talented designers specializes in crafting intuitive, aesthetically pleasing interfaces that resonate with users. We meticulously research user behaviors and preferences to ensure that our designs are not only visually appealing but also highly functional and user-centric. By prioritizing user needs and usability, our designs enhance user engagement and satisfaction. We work collaboratively with clients to transform concepts into intuitive and elegant digital interfaces, resulting in products that are not only beautiful but also highly effective in achieving their objectives. Our UI/UX design services are a testament to our commitment to delivering digital solutions that combine aesthetics with functionality to create memorable user experiences.', 'user research, user experience, user-centric', '1697003808_1.png', 'We focus on understanding user motivations, pain points, and goals, ensuring that', 'our designs address these factors effectively. Through user research, wireframing, and prototyping, we create blueprints that guide the development process, allowing us to refine and optimize designs based on user feedback.\r\n\r\nAccessibility is a fundamental aspect of our design philosophy. We ensure that our digital experiences are inclusive and adhere to accessibility standards, making them usable by a broad audience, including individuals with disabilities. This commitment to inclusivity aligns with our belief that exceptional UX should be accessible to all users.\r\n\r\nFurthermore, we stay at the forefront of design trends and technologies, integrating the latest innovations to keep our clients\' digital products modern and competitive. Our iterative approach and continuous testing and refinement guarantee that the final designs are not only visually appealing but also highly effective, setting the stage for successful digital solutions.', 'Contact Us', '2023-10-11 05:56:48', '2023-10-11 05:56:48'),
(18, '1697004117_1.png', 'Web Development', 'Company\'s web development services are at the forefront of creating dynamic, responsive, and feature-rich websites that drive digital success. We approach web development as both an art and a science, combining creativity with cutting-edge technology. Our team of experienced developers, designers, and UX experts collaborates closely to craft websites that not only look stunning but also function seamlessly across various browsers and devices. We prioritize user-centric design, ensuring that each website provides an intuitive and engaging experience for visitors. Whether it\'s an e-commerce platform, a corporate website, or a web application, our web development services are dedicated to helping businesses establish a robust online presence and achieve their digital goals. We also emphasize security, performance, and scalability to ensure that our websites stand the test of time and adapt to changing needs and trends in the digital landscape.', 'web application, dynamic, responsive', '1697004117_2.png,1697004117_3.png', 'In addition to our front-end design and development expertise, our web development services', 'encompass back-end functionality, ensuring that websites are not only visually appealing but also robust and fully functional. We specialize in content management systems (CMS), e-commerce solutions, database integration, and custom web applications to address a wide range of business needs.\r\n\r\nSecurity is a top priority in our web development process. We implement industry-standard security practices to protect against threats and vulnerabilities, safeguarding sensitive data and user privacy. Regular security audits and updates are part of our commitment to maintaining a secure online environment.\r\n\r\nMoreover, our web development services extend beyond the initial launch. We offer ongoing maintenance, support, and optimization to keep websites performing at their best. Our focus on responsive design and mobile optimization ensures that websites adapt seamlessly to various screen sizes and devices, enhancing the user experience across all platforms.\r\nUltimately, our company\'s web development services are designed to empower businesses to make a strong digital impression, capture a wider audience, and achieve their online objectives in an ever-evolving digital landscape.', 'Contact Us', '2023-10-11 06:01:57', '2023-10-11 06:01:57'),
(19, '1697004367_1.png', 'Mobile App Development', 'Our company\'s mobile app development is driven by a commitment to creating innovative and user-centric applications. We take pride in our meticulous approach, from conceptualization to deployment. Our team of skilled developers, designers, and quality assurance experts collaborates closely to bring each app to life. We prioritize user experience, ensuring that our apps are intuitive, visually appealing, and function seamlessly across various devices and platforms. Through agile development methodologies, we maintain flexibility and adaptability, allowing us to respond swiftly to changing market dynamics and user feedback. Our dedication to staying current with the latest technologies and trends ensures that our mobile apps are not only robust but also at the forefront of industry innovation. Whether it\'s for iOS, Android, or cross-platform solutions, our mobile app development sets the standard for excellence and customer satisfaction.', 'Android, ios, cross-platform', '1697004367_1.png', 'Security is paramount in our mobile app development process we implement rigorous security', 'protocols to safeguard user data and protect against potential vulnerabilities. Our apps undergo thorough testing and quality assurance checks to ensure reliability and stability, minimizing the risk of crashes or technical issues.\r\n\r\nFurthermore, our mobile app development extends beyond just coding and design. We offer comprehensive support, maintenance, and updates to keep our apps optimized and up-to-date. This commitment to ongoing improvement means that users can rely on our apps for long-term functionality and relevance.\r\n\r\nAt the core of our mobile app development is a passion for solving real-world problems and enhancing the user experience. We take pride in delivering solutions that not only meet our clients\' business objectives but also resonate with end-users, making their lives more convenient and enjoyable through intuitive, well-crafted mobile applications.', 'Contact Us', '2023-10-11 06:06:07', '2023-10-11 06:06:07');

-- --------------------------------------------------------

--
-- Table structure for table `services_imgs`
--

CREATE TABLE `services_imgs` (
  `id` bigint(20) UNSIGNED NOT NULL,
  `imgs` varchar(255) NOT NULL,
  `services_id` bigint(20) UNSIGNED NOT NULL,
  `created_at` timestamp NULL DEFAULT NULL,
  `updated_at` timestamp NULL DEFAULT NULL
) ENGINE=InnoDB DEFAULT CHARSET=utf8mb4 COLLATE=utf8mb4_unicode_ci;

-- --------------------------------------------------------

--
-- Table structure for table `socials`
--

CREATE TABLE `socials` (
  `id` bigint(20) UNSIGNED NOT NULL,
  `name` varchar(255) NOT NULL,
  `icon` varchar(255) NOT NULL,
  `link` varchar(255) NOT NULL,
  `created_at` timestamp NULL DEFAULT NULL,
  `updated_at` timestamp NULL DEFAULT NULL
) ENGINE=InnoDB DEFAULT CHARSET=utf8mb4 COLLATE=utf8mb4_unicode_ci;

--
-- Dumping data for table `socials`
--

INSERT INTO `socials` (`id`, `name`, `icon`, `link`, `created_at`, `updated_at`) VALUES
(1, 'Instagram', '1697108545_3.png', 'Iusto non voluptas repudiandae consequatur quo.', '2023-08-23 07:03:23', '2023-10-12 11:02:25'),
(2, 'Dribbble', '1697109283_5.png', 'https://dribbble.com/dbugstationltd/shots', '2023-08-23 07:03:23', '2023-10-12 11:14:43'),
(3, 'YouTube', '1697108623_4.png', 'https://www.youtube.com/channel/UC6yaJupzOOQyVAlgycCDkUg', '2023-08-23 07:03:23', '2023-10-12 11:03:43'),
(4, 'Facebook', '1697108423_2.png', 'https://www.facebook.com/dbugstation/', '2023-08-23 07:03:23', '2023-10-12 11:00:23'),
(5, 'Linkedin', '1697108341_1.png', 'https://www.linkedin.com/company/d-bug-station-limited/mycompany/', '2023-08-23 07:03:23', '2023-10-12 10:59:01'),
(6, 'Behance', '1697109355_6.png', 'https://www.behance.net/dbugstationltd', '2023-10-12 11:15:55', '2023-10-12 11:15:55'),
(7, 'Twitter', '1697109466_7.png', 'aesgdfhvmbn', '2023-10-12 11:17:46', '2023-10-12 11:17:46');

-- --------------------------------------------------------

--
-- Table structure for table `terms_and_conditions`
--

CREATE TABLE `terms_and_conditions` (
  `id` bigint(20) UNSIGNED NOT NULL,
  `title` text NOT NULL,
  `sub_title` text NOT NULL,
  `body` mediumtext NOT NULL,
  `created_at` timestamp NULL DEFAULT NULL,
  `updated_at` timestamp NULL DEFAULT NULL
) ENGINE=InnoDB DEFAULT CHARSET=utf8mb4 COLLATE=utf8mb4_unicode_ci;

--
-- Dumping data for table `terms_and_conditions`
--

INSERT INTO `terms_and_conditions` (`id`, `title`, `sub_title`, `body`, `created_at`, `updated_at`) VALUES
(1, 'Terms & Conditions', '“We help companies comb through big data sets and realise otherwise hidden trends, opportunities and threats to their business.”', 'We, 10MS Limited, incorporated under the Bangladeshi Companies Act (Act XVIII), of 1994 (hereinafter referred to as “Company” or “10MS”), with the incorporation number C162578 / 2020, is committed to safeguarding your privacy in relation to the protection of your personal information. The Services are governed by this Policy, and any other rules, policies or guidelines published on the Platform as applicable to you.\n\n            Please read this Policy carefully prior to accessing our Platform and using the Services. By accessing and using the Platform, providing your Personal Information (defined below), or by otherwise signaling your agreement when the option is presented to you, you consent to the collection, use, disclosure, sharing and storing of information described in this Policy, Terms of Service and any other rules, policies or guidelines published on the Platform as applicable to you (collectively referred to as the “Platform Terms”), and 10MS disclaims all the liabilities arising therefrom. If you have inadvertently submitted any Personal Information to 10MS prior to reading this Policy statements set out herein, or you do not agree with the way your Personal Information is collected, stored, or used, then you may access, modify and/or delete your Personal Information in accordance with this Policy.\n\n            If any information you have provided or uploaded on the Platform violates the Platform Terms, 10MS may be required to delete such information upon informing you of the same and revoke your access to the Platform if required. If you have any questions about this Policy, please contact us ', '2023-08-23 07:03:23', '2023-08-23 07:03:23');

-- --------------------------------------------------------

--
-- Table structure for table `testimonials`
--

CREATE TABLE `testimonials` (
  `id` bigint(20) UNSIGNED NOT NULL,
  `reviewer_name` varchar(255) NOT NULL,
  `company` varchar(255) DEFAULT NULL,
  `message` longtext DEFAULT NULL,
  `tags` varchar(255) DEFAULT NULL,
  `img` varchar(255) DEFAULT NULL,
  `created_at` timestamp NULL DEFAULT NULL,
  `updated_at` timestamp NULL DEFAULT NULL
) ENGINE=InnoDB DEFAULT CHARSET=utf8mb4 COLLATE=utf8mb4_unicode_ci;

--
-- Dumping data for table `testimonials`
--

INSERT INTO `testimonials` (`id`, `reviewer_name`, `company`, `message`, `tags`, `img`, `created_at`, `updated_at`) VALUES
(9, 'Lisa Anderson', 'Marketing Director at Trendify Retail', '\"I had the pleasure of working with D-bug Station Limited on a recent Android application project. The team was highly experienced and provided in-depth security guarantees throughout the development process. I found myself working in a true partnership that resulted in a high-quality software product. I highly recommend D-bug Station Limited for any software design and development needs.\"', 'Artificial Intelligence,Revolution,Strategy', '1692790342_Rectangle 3467586.jpg', '2023-08-23 11:32:22', '2023-10-14 05:32:49');

-- --------------------------------------------------------

--
-- Table structure for table `works`
--

CREATE TABLE `works` (
  `id` bigint(20) UNSIGNED NOT NULL,
  `title` mediumtext DEFAULT NULL,
  `cover_img` varchar(255) DEFAULT NULL,
  `tags` varchar(255) DEFAULT NULL,
  `short_description` text DEFAULT NULL,
  `client` text DEFAULT NULL,
  `product` text DEFAULT NULL,
  `year_of_the_project` int(11) DEFAULT NULL,
  `description_title` mediumtext DEFAULT NULL,
  `description_body` text DEFAULT NULL,
  `description_tags` varchar(255) DEFAULT NULL,
  `description_img` text DEFAULT NULL,
  `result_title` mediumtext DEFAULT NULL,
  `result_body` text DEFAULT NULL,
  `result_tags` varchar(255) DEFAULT NULL,
  `result_img` text DEFAULT NULL,
  `bottom_title` mediumtext DEFAULT NULL,
  `bottom_body` text DEFAULT NULL,
  `bottom_img` text DEFAULT NULL,
  `created_at` timestamp NULL DEFAULT NULL,
  `updated_at` timestamp NULL DEFAULT NULL
) ENGINE=InnoDB DEFAULT CHARSET=utf8mb4 COLLATE=utf8mb4_unicode_ci;

--
-- Dumping data for table `works`
--

INSERT INTO `works` (`id`, `title`, `cover_img`, `tags`, `short_description`, `client`, `product`, `year_of_the_project`, `description_title`, `description_body`, `description_tags`, `description_img`, `result_title`, `result_body`, `result_tags`, `result_img`, `bottom_title`, `bottom_body`, `bottom_img`, `created_at`, `updated_at`) VALUES
(13, 'AI-Driven Customer Insights', '1692783496_c.jpg', 'Ai,Data,Growth', 'Leveraged AI algorithms to analyze customer behavior for a retail chain, facilitating personalized marketing strategies and driving substantial revenue growth.', 'James Smith', 'Customer Insights', 2023, 'Leveraged AI algorithms to analyze customer behavior for a retail chain, facilitating personalized marketing strategies and driving substantial revenue growth.', 'The \"AI-Driven Customer Insights\" project embarked on harnessing artificial intelligence to unlock valuable customer data for a retail chain. The requirements involved developing advanced algorithms capable of analyzing customer behavior patterns, preferences, and interactions across various touchpoints. The goal was to provide the retail chain with actionable insights that would drive personalized marketing strategies, enhance customer experiences, and maximize revenue growth.', 'Ai,Data,Growth', '1692783527_x1.jpg,1692783527_x2.jpg,1692783527_x3.jpg', 'Through the implementation of cutting-edge AI algorithms, Evensor successfully transformed the retail chain\'s approach to customer engagement.', 'The project yielded a deep understanding of customer preferences and trends, enabling the creation of tailored marketing campaigns that resonated with individual shoppers. This personalized approach led to significant revenue growth, increased customer loyalty, and improved customer satisfaction.', 'Ai,Data,Growth', '1692783544_y.jpg', 'The AI-driven insights not only optimized marketing efforts but also laid the foundation for data-driven decision-making', 'The AI-driven insights not only optimized marketing efforts but also laid the foundation for data-driven decision-making across the organization, positioning the retail chain as an industry leader in customer-centric strategies.', '1692783558_z1.jpg,1692783558_z2.jpg,1692783558_z3.jpg,1692783558_z4.jpg', '2023-08-23 09:38:16', '2023-08-23 09:39:18'),
(15, 'Business Data Analytics', '1692784956_w.jpg', 'Business,Data,Insights', 'Evensor Academy empowered business professionals with data-driven insights. Participants learned data collection, analysis, and visualization, driving informed decisions for organizational growth.', 'James Smith', 'Business Data Analysis', 2023, 'The \"Business Data Analytics\" initiative embarked on transforming businesses\' approach to decision-making by harnessing the power of data.', 'The \"Business Data Analytics\" initiative embarked on transforming businesses\' approach to decision-making by harnessing the power of data. This project aimed to leverage advanced data analytics techniques to unearth hidden insights within vast datasets, enabling organizations to make strategic and informed choices.', 'Business,Data,Insights', '1692785050_x1.jpg,1692785050_x2.jpg,1692785050_x3.jpg', 'The project focused on implementing data collection strategies, analyzing trends, and creating predictive models.', 'By combining statistical analysis with machine learning algorithms, businesses gained the ability to anticipate market trends, customer preferences, and potential opportunities. The goal was to equip organizations with a competitive edge, enabling them to adapt swiftly to changing market dynamics and make well-informed, agile decisions.', 'Business,Data,Insights', '1692785064_y.jpg', 'Through the adoption of business data analytics, companies witnessed enhanced operational efficiency', 'Through the adoption of business data analytics, companies witnessed enhanced operational efficiency, reduced risks, and improved resource allocation. Data-driven insights facilitated precise marketing campaigns, optimized supply chain management, and refined product offerings. This project not only solidified data as a strategic asset but also positioned organizations to thrive in an increasingly data-centric business landscape, where informed decisions are paramount to success.', '1692785079_z1.jpg,1692785079_z2.jpg,1692785079_z3.jpg,1692785079_z4.jpg', '2023-08-23 10:02:36', '2023-08-23 10:04:39'),
(18, 'Chat GTP - AI Chat - AI Chatbot Assistant - AI Chat Open - Chat with AI - AI Chat Ask AI.', '1697005803_1.png', 'Conversational AI, Ai chat, NLP', 'An AI chatbot assistant app is a computer program that simulates human conversation and uses natural language processing (NLP) to understand and respond to users\' questions', 'Code canyon', 'Ai chat', 2023, 'An AI chatbot assistant app is a computer program that simulates human conversation and uses natural language processing (NLP) to understand and respond to users\' questions.', 'An AI chatbot assistant app is a computer program that simulates human conversation and uses natural language processing (NLP) to understand and respond to users\' questions\r\n\r\nThese chatbots can be used for a variety of purposes, including customer service, education, and information retrieval\r\n\r\nHere are some key considerations when planning an AI chatbot assistant app project:\r\n\r\nDefine the main purpose of the chatbot: Identify the opportunity or challenge to decide on the purpose and utility of the chatbot. To understand the best application of the bot to the company framework, think about the tasks that can be automated and augmented through Artificial Intelligence Solutions\r\n\r\nPlan the concept of the chatbot: This includes branding, technical side, and content elements. Design the name, avatar, tone of voice, brand colors, and manage the information, which should be split into small, easily readable pieces of text according to the chatbot technology requirements\r\n\r\nConversational AI: Conversational AI is a technology that makes stronger chatbots. It allows chatbots to understand the context of the conversation and respond accordingly\r\n\r\nNatural Language Processing (NLP): NLP is a technology that enables chatbots to understand human language and respond appropriately\r\n\r\nChoose the right technology: Depending on the use case you want to address, some technologies are more appropriate than others. Combining artificial intelligence forms such as natural language processing, machine learning, and semantic understanding may be the best option to achieve the desired results\r\n\r\nTest and refine: Once the chatbot is built, it\'s important to test it and refine it based on user feedback\r\n\r\nOverall, an AI chatbot assistant app can be a powerful tool for businesses to improve efficiency, save costs, and offer added convenience to customers. However, it\'s important to plan the project carefully and choose the right technology to achieve the desired results.', 'Conversational AI, Ai chat, NLP', '1697005803_2.png,1697005803_3.png,1697005803_4.png', 'The output result of an AI chatbot assistant app depends on its purpose and functionality.', 'Here are some examples of possible output results:\r\n\r\nCustomer service: An AI chatbot assistant app can help customers with their inquiries, such as answering frequently asked questions, providing product information, and resolving issues. The output result would be a response to the customer\'s question or concern.\r\n\r\nEducation: An AI chatbot assistant app can help students with their studies, such as answering questions related to a particular subject or providing study materials. The output result would be a response to the student\'s question or a link to relevant study materials.', 'Human-to-machine communication, Customer support, Text-based conversations', '1697005803_5.png', 'Other additional functionalities those are worth mentioning.', 'Information retrieval: An AI chatbot assistant app can help users find information on a particular topic, such as news, weather, or sports scores. The output result would be the requested information.\r\n\r\nTask automation: An AI chatbot assistant app can help users perform tasks, such as scheduling appointments, setting reminders, or ordering food. The output result would be the completion of the requested task.\r\n\r\nOverall, the output result of an AI chatbot assistant app is a response to the user\'s input, which can be in the form of text or voice interactions. The chatbot uses NLP and AI technologies to understand the user\'s request and provide an appropriate response.', '1697005803_6.png,1697005803_7.png,1697005803_8.png,1697005803_9.png', '2023-10-11 06:30:03', '2023-10-11 06:30:03'),
(19, '‘Retouch’ - Photo Editor | Video Editor | Photo Editor Pro | Photo Collage Editor', '1697007062_1.png', 'Image Editing, Photography, Retouching', '‘Retouch’ is a free, easy-to-use photo & video editor that helps you quickly capture & edit stunning images.', 'Dbug station limited', 'Photo & video Editor', 2022, '‘Retouch’ is a free, easy-to-use photo & video editor that helps you quickly capture & edit stunning images.', 'The app should be easy to use and provide a variety of features to help users enhance their photos and videos, including: basic editing features such as cropping, rotating, resizing, and adjusting brightness, contrast, and saturation. More advanced editing features such as filters, effects, and overlays. \r\n\r\nVideo editing features such as trimming, splitting, merging, and adding music and transitions\r\nThe target audience for this app is anyone who wants to edit their photos and videos, whether for personal or professional use. This includes social media users, bloggers, photographers, filmmakers, and businesses.\r\n\r\nThe app must be developed for both iOS and Android devices. It must be easy to use and provide a variety of features to help users enhance their photos and videos. The app should also be stable and reliable, and it should not crash or freeze easily.', 'Image Editing, Photography, Retouching', '1697007062_2.png,1697007062_3.png,1697007062_4.png', 'Features for photo editing:', 'Basic instruments and settings for more complex photo editing like alignment, brightness, contrast, grain, saturation, and blur\r\n\r\nFilters, including vintage, black and white, and color filters\r\n\r\nCreating collages, adding stickers, and drawing to make your app more creative and trendy\r\n\r\nAdding captions, animated stickers, speed controller, and more for video editing\r\n\r\nPreset or customized video outline and add a description to each scene\r\n\r\nExport video outlines to PDF and prepare the materials for video production', 'Brightness, saturation, transition', '1697007062_5.png', 'Features for video editing:', 'Intuitive interface for easy navigation and use\r\n\r\nMultimedia sources for importing videos and images from various sources\r\n\r\nVideo format support for compatibility with different video formats\r\n\r\nTrimming and cutting tools for removing unwanted parts and adjusting the length and timing of clips\r\n\r\nTransitions and effects for creating smooth transitions between scenes\r\n\r\nAudio editing tools for adjusting the volume, adding music, and removing background noise\r\n\r\nText and titles for adding captions, subtitles, and titles to videos\r\n\r\nSpeed and slow motion for adjusting the speed of videos\r\n\r\nGreen screen and chroma key for removing the background and replacing it with a different image or video.', '1697007062_6.png,1697007062_7.png,1697007062_8.png,1697007062_9.png', '2023-10-11 06:51:02', '2023-10-11 06:51:02'),
(20, 'Pet Zoo: Urgent Need for Pet Adoption - Find Dogs & Cats.', '1697007458_1.png', 'UI/UX, Web Development, Mobile Responsive', 'Not knowing where to start or which animals are available makes it very difficult to go ahead and get a pet.', 'Rakesh Sing', 'Buy Sale pets', 2023, 'Not knowing where to start or which animals are available makes it very difficult to go ahead and get a pet.', 'Pet parents are currently facing a difficult situation of not being able to land their pet’s offspring to a new adopter due to a lack of proper platform or network. Adopters struggle to find pets that match their preferences in terms of species, breed, age , size, and temperament.\r\nPeople are currently creating local networks in various social media groups, but these are not easily accessible or effective solutions.\r\n\r\nPet Zoo is basically a web portal for animals and this website can also show all the detail information of animals such as their prices, categories, picture video and other basic information. In this web application sellers will post ads to sell the animals they own, and buyers will browse and search for animals and buy the animals they like.', 'UI/UX, Web Development, Mobile Responsive', '1697007458_2.png,1697007458_3.png,1697007458_4.png', 'Pet Zoo is a website designed to connect pet lovers with their ideal furry companions through an intuitive and user friendly platform.', 'The objective of this project was to develop a website that connects pet lovers with pets that are up for adoption, sale, or purchase. The website provides a platform for animal shelters, pet stores, and individual pet owners to list their pets for adoption, sale, or purchase. The website also provides information about the pets, including their breed, age, gender, and health status. \r\nThe website have the following features: \r\n\r\nSearch functionality: Users can search for pets based on their location, breed, age, gender, and price range.\r\n\r\nListing functionality: Animal shelters, pet stores, and individual pet owners can list their pets for adoption, sale, or purchase. They can provide information about the pets, including their breed, age, gender, and health status. They can also upload pictures and videos of the pets.\r\n\r\nMessaging functionality: Users can communicate with each other through the website\'s messaging system. They can ask questions about the pets, negotiate prices, and arrange for meetups.', 'Case study, Proposed system, implementation', '1697007458_5.png', 'Other additional functionalities those are worth mentioning.', 'Payment functionality: Users can make payments through the website\'s payment system. The website will charge a commission fee for each transaction.\r\n\r\nReviews and ratings functionality: Users can leave reviews and ratings for the pets and the sellers. This will help other users make informed decisions about which pets to adopt, buy, or sell.\r\n\r\nPet care information: The website will provide information about pet care, including nutrition, grooming, and training. This will help pet owners take better care of their pets.\r\n\r\nSocial media integration: The website will be integrated with social media platforms, such as Facebook and Twitter. This will help users share information about the pets and the website with their friends and followers.\r\n\r\nBy developing this website, we hope to promote pet adoption, sale, and purchase, and provide a platform for pet lovers to connect with each other. We also hope to provide a valuable resource for pet care information and promote responsible pet ownership.', '1697007458_6.png,1697007458_7.png,1697007458_8.png,1697007458_9.png', '2023-10-11 06:57:38', '2023-10-11 06:57:38'),
(21, 'Dbug Academy - Online Learning Management System Web Application.', '1697118981_1.png', 'E-learning platform, Adaptive learning, Online learning', 'An online learning platform is a web-based application that provides students with access to a variety of courses from a wide range of instructors.', 'Dbug station limited', 'Learn through online courses', 2023, 'An online learning platform is a web-based application that provides students with access to a variety of courses from a wide range of instructors.', 'The Online Learning Platform project represents a transformative approach to education in the digital age. Our goal is to create a dynamic and inclusive online learning environment that breaks down geographical barriers and offers a diverse range of courses and resources for learners of all ages and backgrounds. This platform will harness the power of technology to deliver interactive, engaging, and personalized learning experiences, empowering individuals to acquire new skills, advance their careers, and pursue lifelong learning journeys. With a commitment to accessibility, flexibility, and innovation, our project aims to revolutionize education by making knowledge and skills accessible to everyone, regardless of their location or circumstances. We envision a future where learning knows no bounds, and this project is a significant step toward that vision.', 'E-learning platform, Adaptive learning, Online learning', '1697118981_2.png,1697118981_3.png,1697118981_4.png', 'The output result of an online learning platform can vary depending on the platform\'s features and functionalities.', 'The final project output of the Online Learning Platform is a robust and user-centric web-based platform that revolutionizes the way individuals access and engage with education. This comprehensive platform provides the following key features and components:\r\nUser-Friendly Interface: A visually appealing and intuitive user interface that facilitates easy navigation and a seamless learning experience.\r\nCourse Library: A diverse and extensive library of courses, covering a wide range of subjects, from academic to professional development.\r\nPersonalized Learning Paths: Learners can customize their learning journey by setting goals, selecting courses, and tracking their progress through personalized learning paths.\r\nInteractive Content: Engaging multimedia content, including video lectures, quizzes, assignments, and hands-on projects that enhance understanding and retention.\r\nProgress Tracking: Robust tools for monitoring and evaluating learner progress, including gradebooks, analytics, and performance reports.', 'Case study, Proposed system, implementation', '1697118981_6.png', 'Other additional functionalities those are worth mentioning.', 'Certification and Badges: Learners can earn certificates and badges upon successful course completion, enhancing their credentials.\r\n\r\nMobile Accessibility: A responsive design that allows learners to access content on various devices, ensuring a flexible learning experience.\r\n\r\nAdmin Panel: Administrative controls for platform management, user registration, and content administration.\r\n\r\nPayment and Subscription System: Secure payment processing and subscription options for both free and premium content.\r\nFeedback and Improvement Mechanisms: Features for collecting user feedback, monitoring platform performance, and implementing enhancements.\r\n\r\nAccessibility and Security: Adherence to accessibility standards and robust security measures to protect user data and privacy.\r\n\r\nScalability: Infrastructure that can scale to accommodate a growing user base and evolving educational needs.\r\n\r\nThe final output is a transformative online learning platform that empowers learners to acquire knowledge and skills in a flexible, interactive, and inclusive environment. This platform revolutionizes education by making high-quality learning accessible to a global audience and fostering a culture of continuous learning and personal growth.', '1697118981_7.png,1697118981_8.png,1697118981_9.png,1697118981_10.png', '2023-10-12 13:56:21', '2023-10-12 13:56:21'),
(22, 'SpeedyRecon - international company specializing in the sale of car parts.', '1697459143_1.png', 'car parts sales, optimizing, automotive', 'The \"SpeedyRecon - Car Parts Expansion Project\" is a comprehensive endeavor undertaken by this esteemed international company, renowned for its specialization in car parts sales .', 'Aureliyan', 'Sale car parts', 2021, 'The \"SpeedyRecon - Car Parts Expansion Project\" is a comprehensive endeavor', 'undertaken by this esteemed international company, renowned for its specialization in car parts sales . This project focuses on expanding the company\'s already vast product catalog, catering to the diverse needs of car enthusiasts and professionals worldwide. By introducing a wider range of components, optimizing the supply chain, enhancing e-commerce capabilities, and strengthening customer support, SpeedyRecon aims to solidify its position as a global leader in the automotive aftermarket. This project underscores the company\'s unwavering commitment to offering top-quality car parts while staying environmentally conscious and adaptable to market trends. SpeedyRecon is poised to redefine excellence in the car parts industry, ensuring that customers continue to rely on it for all their automotive needs.', 'car parts sales, optimizing, automotive', '1697459143_2.png,1697459143_3.png,1697459143_4.png', 'The output results of the \"SpeedyRecon - sale of car parts\" promise to be transformative for the company and its customers.', 'As a result of this initiative, SpeedyRecon will boast an even more extensive and diverse product catalog, offering a comprehensive selection of top-quality car parts, accessories, and components. The optimization of the supply chain will lead to reduced lead times and cost-efficiency, enabling the company to better meet customer demands. The enhanced e-commerce platform will provide a seamless and user-friendly shopping experience, and the improved customer support services will ensure satisfaction and trust. With a more sustainable and eco-friendly approach, SpeedyRecon will appeal to environmentally conscious consumers. Overall, the project\'s output results will elevate SpeedyRecon\'s standing as a global leader in the car parts industry, delivering a richer product offering and a superior customer experience.', 'manufacturers, support services, customer experience', '1697459143_5.png', 'The \"SpeedyRecon - sale of car parts Project\" will also result in strengthened', 'international market presence, as the company tailors its marketing and distribution strategies to suit the specific needs and preferences of diverse regions and cultures. Furthermore, a focus on quality assurance, rigorous quality control measures, and strategic partnerships with reputable manufacturers will ensure that customers can rely on SpeedyRecon for the highest standard of car parts available. Through comprehensive market research and analysis, the company will remain agile and responsive to evolving industry trends and customer demands, allowing for rapid adaptation and innovation. In sum, the project\'s output results promise a more expansive, efficient, and customer-centric approach that will solidify SpeedyRecon\'s reputation as a trusted destination for car enthusiasts and professionals worldwide, while also contributing to the company\'s long-term sustainability and growth.', '1697459143_6.png,1697459143_7.png,1697459143_8.png,1697459143_9.png', '2023-10-16 12:25:43', '2023-10-16 12:25:43');

--
-- Indexes for dumped tables
--

--
-- Indexes for table `about_us`
--
ALTER TABLE `about_us`
  ADD PRIMARY KEY (`id`);

--
-- Indexes for table `about_us_imgs`
--
ALTER TABLE `about_us_imgs`
  ADD PRIMARY KEY (`id`),
  ADD KEY `about_us_imgs_about_us_id_foreign` (`about_us_id`);

--
-- Indexes for table `benefits`
--
ALTER TABLE `benefits`
  ADD PRIMARY KEY (`id`);

--
-- Indexes for table `blogs`
--
ALTER TABLE `blogs`
  ADD PRIMARY KEY (`id`);

--
-- Indexes for table `careers`
--
ALTER TABLE `careers`
  ADD PRIMARY KEY (`id`);

--
-- Indexes for table `clients`
--
ALTER TABLE `clients`
  ADD PRIMARY KEY (`id`);

--
-- Indexes for table `contact_client_data`
--
ALTER TABLE `contact_client_data`
  ADD PRIMARY KEY (`id`);

--
-- Indexes for table `contact_us`
--
ALTER TABLE `contact_us`
  ADD PRIMARY KEY (`id`);

--
-- Indexes for table `contact_us_questions`
--
ALTER TABLE `contact_us_questions`
  ADD PRIMARY KEY (`id`);

--
-- Indexes for table `failed_jobs`
--
ALTER TABLE `failed_jobs`
  ADD PRIMARY KEY (`id`),
  ADD UNIQUE KEY `failed_jobs_uuid_unique` (`uuid`);

--
-- Indexes for table `faqs`
--
ALTER TABLE `faqs`
  ADD PRIMARY KEY (`id`);

--
-- Indexes for table `homepages`
--
ALTER TABLE `homepages`
  ADD PRIMARY KEY (`id`);

--
-- Indexes for table `joun_us`
--
ALTER TABLE `joun_us`
  ADD PRIMARY KEY (`id`);

--
-- Indexes for table `migrations`
--
ALTER TABLE `migrations`
  ADD PRIMARY KEY (`id`);

--
-- Indexes for table `our_approaches`
--
ALTER TABLE `our_approaches`
  ADD PRIMARY KEY (`id`);

--
-- Indexes for table `our_teams`
--
ALTER TABLE `our_teams`
  ADD PRIMARY KEY (`id`);

--
-- Indexes for table `overviews`
--
ALTER TABLE `overviews`
  ADD PRIMARY KEY (`id`);

--
-- Indexes for table `privacy_policies`
--
ALTER TABLE `privacy_policies`
  ADD PRIMARY KEY (`id`);

--
-- Indexes for table `products`
--
ALTER TABLE `products`
  ADD PRIMARY KEY (`id`);

--
-- Indexes for table `product_features`
--
ALTER TABLE `product_features`
  ADD PRIMARY KEY (`id`),
  ADD KEY `product_features_product_id_foreign` (`product_id`);

--
-- Indexes for table `services`
--
ALTER TABLE `services`
  ADD PRIMARY KEY (`id`);

--
-- Indexes for table `services_imgs`
--
ALTER TABLE `services_imgs`
  ADD PRIMARY KEY (`id`),
  ADD KEY `services_imgs_services_id_foreign` (`services_id`);

--
-- Indexes for table `socials`
--
ALTER TABLE `socials`
  ADD PRIMARY KEY (`id`);

--
-- Indexes for table `terms_and_conditions`
--
ALTER TABLE `terms_and_conditions`
  ADD PRIMARY KEY (`id`);

--
-- Indexes for table `testimonials`
--
ALTER TABLE `testimonials`
  ADD PRIMARY KEY (`id`);

--
-- Indexes for table `works`
--
ALTER TABLE `works`
  ADD PRIMARY KEY (`id`);

--
-- AUTO_INCREMENT for dumped tables
--

--
-- AUTO_INCREMENT for table `about_us`
--
ALTER TABLE `about_us`
  MODIFY `id` bigint(20) UNSIGNED NOT NULL AUTO_INCREMENT, AUTO_INCREMENT=2;

--
-- AUTO_INCREMENT for table `about_us_imgs`
--
ALTER TABLE `about_us_imgs`
  MODIFY `id` bigint(20) UNSIGNED NOT NULL AUTO_INCREMENT, AUTO_INCREMENT=10;

--
-- AUTO_INCREMENT for table `benefits`
--
ALTER TABLE `benefits`
  MODIFY `id` bigint(20) UNSIGNED NOT NULL AUTO_INCREMENT, AUTO_INCREMENT=9;

--
-- AUTO_INCREMENT for table `blogs`
--
ALTER TABLE `blogs`
  MODIFY `id` bigint(20) UNSIGNED NOT NULL AUTO_INCREMENT, AUTO_INCREMENT=34;

--
-- AUTO_INCREMENT for table `careers`
--
ALTER TABLE `careers`
  MODIFY `id` bigint(20) UNSIGNED NOT NULL AUTO_INCREMENT, AUTO_INCREMENT=10;

--
-- AUTO_INCREMENT for table `clients`
--
ALTER TABLE `clients`
  MODIFY `id` bigint(20) UNSIGNED NOT NULL AUTO_INCREMENT, AUTO_INCREMENT=23;

--
-- AUTO_INCREMENT for table `contact_client_data`
--
ALTER TABLE `contact_client_data`
  MODIFY `id` bigint(20) UNSIGNED NOT NULL AUTO_INCREMENT, AUTO_INCREMENT=16;

--
-- AUTO_INCREMENT for table `contact_us`
--
ALTER TABLE `contact_us`
  MODIFY `id` bigint(20) UNSIGNED NOT NULL AUTO_INCREMENT, AUTO_INCREMENT=2;

--
-- AUTO_INCREMENT for table `contact_us_questions`
--
ALTER TABLE `contact_us_questions`
  MODIFY `id` bigint(20) UNSIGNED NOT NULL AUTO_INCREMENT, AUTO_INCREMENT=7;

--
-- AUTO_INCREMENT for table `failed_jobs`
--
ALTER TABLE `failed_jobs`
  MODIFY `id` bigint(20) UNSIGNED NOT NULL AUTO_INCREMENT;

--
-- AUTO_INCREMENT for table `faqs`
--
ALTER TABLE `faqs`
  MODIFY `id` bigint(20) UNSIGNED NOT NULL AUTO_INCREMENT, AUTO_INCREMENT=15;

--
-- AUTO_INCREMENT for table `homepages`
--
ALTER TABLE `homepages`
  MODIFY `id` bigint(20) UNSIGNED NOT NULL AUTO_INCREMENT, AUTO_INCREMENT=2;

--
-- AUTO_INCREMENT for table `joun_us`
--
ALTER TABLE `joun_us`
  MODIFY `id` bigint(20) UNSIGNED NOT NULL AUTO_INCREMENT, AUTO_INCREMENT=2;

--
-- AUTO_INCREMENT for table `migrations`
--
ALTER TABLE `migrations`
  MODIFY `id` int(10) UNSIGNED NOT NULL AUTO_INCREMENT, AUTO_INCREMENT=30;

--
-- AUTO_INCREMENT for table `our_approaches`
--
ALTER TABLE `our_approaches`
  MODIFY `id` bigint(20) UNSIGNED NOT NULL AUTO_INCREMENT, AUTO_INCREMENT=2;

--
-- AUTO_INCREMENT for table `our_teams`
--
ALTER TABLE `our_teams`
  MODIFY `id` bigint(20) UNSIGNED NOT NULL AUTO_INCREMENT, AUTO_INCREMENT=21;

--
-- AUTO_INCREMENT for table `overviews`
--
ALTER TABLE `overviews`
  MODIFY `id` bigint(20) UNSIGNED NOT NULL AUTO_INCREMENT, AUTO_INCREMENT=4;

--
-- AUTO_INCREMENT for table `privacy_policies`
--
ALTER TABLE `privacy_policies`
  MODIFY `id` bigint(20) UNSIGNED NOT NULL AUTO_INCREMENT, AUTO_INCREMENT=2;

--
-- AUTO_INCREMENT for table `products`
--
ALTER TABLE `products`
  MODIFY `id` bigint(20) UNSIGNED NOT NULL AUTO_INCREMENT, AUTO_INCREMENT=30;

--
-- AUTO_INCREMENT for table `product_features`
--
ALTER TABLE `product_features`
  MODIFY `id` bigint(20) UNSIGNED NOT NULL AUTO_INCREMENT, AUTO_INCREMENT=44;

--
-- AUTO_INCREMENT for table `services`
--
ALTER TABLE `services`
  MODIFY `id` bigint(20) UNSIGNED NOT NULL AUTO_INCREMENT, AUTO_INCREMENT=20;

--
-- AUTO_INCREMENT for table `services_imgs`
--
ALTER TABLE `services_imgs`
  MODIFY `id` bigint(20) UNSIGNED NOT NULL AUTO_INCREMENT;

--
-- AUTO_INCREMENT for table `socials`
--
ALTER TABLE `socials`
  MODIFY `id` bigint(20) UNSIGNED NOT NULL AUTO_INCREMENT, AUTO_INCREMENT=8;

--
-- AUTO_INCREMENT for table `terms_and_conditions`
--
ALTER TABLE `terms_and_conditions`
  MODIFY `id` bigint(20) UNSIGNED NOT NULL AUTO_INCREMENT, AUTO_INCREMENT=2;

--
-- AUTO_INCREMENT for table `testimonials`
--
ALTER TABLE `testimonials`
  MODIFY `id` bigint(20) UNSIGNED NOT NULL AUTO_INCREMENT, AUTO_INCREMENT=10;

--
-- AUTO_INCREMENT for table `works`
--
ALTER TABLE `works`
  MODIFY `id` bigint(20) UNSIGNED NOT NULL AUTO_INCREMENT, AUTO_INCREMENT=23;

--
-- Constraints for dumped tables
--

--
-- Constraints for table `about_us_imgs`
--
ALTER TABLE `about_us_imgs`
  ADD CONSTRAINT `about_us_imgs_about_us_id_foreign` FOREIGN KEY (`about_us_id`) REFERENCES `about_us` (`id`) ON DELETE CASCADE;

--
-- Constraints for table `product_features`
--
ALTER TABLE `product_features`
  ADD CONSTRAINT `product_features_product_id_foreign` FOREIGN KEY (`product_id`) REFERENCES `products` (`id`) ON DELETE CASCADE;

--
-- Constraints for table `services_imgs`
--
ALTER TABLE `services_imgs`
  ADD CONSTRAINT `services_imgs_services_id_foreign` FOREIGN KEY (`services_id`) REFERENCES `services` (`id`) ON DELETE CASCADE;
COMMIT;

